1. Give k(78).
163
Let c(i) = i**3 + 38*i**2 + 255*i + 82. Determine c(-9).
136
Let k(q) = -32*q**3 - 592*q**2 + 302*q - 11. Calculate k(-19).
27
Let c(v) = -v**3 - 16*v**2 - 86*v - 881. Calculate c(-15).
184
Let j(x) = 1451*x**2 - 49334*x + 5. Give j(34).
5
Let d(i) = 724*i - 2893. Determine d(7).
2175
Let s(v) = v**3 + 62*v**2 - 1117*v - 69291. Give s(-62).
-37
Let o(i) = -187*i**2 + 3437*i - 1288. What is o(18)?
-10
Let r(h) = h**3 + 239*h**2 - 371*h - 31337. Determine r(-240).
103
Let r(w) = -613624*w - 3681747. Calculate r(-6).
-3
Let r(n) = -7*n**2 - 264*n - 2335. Give r(-19).
154
Let f(r) = 2*r**2 - 944*r + 27920. Calculate f(32).
-240
Let s(y) = 734*y + 5728. What is s(-8)?
-144
Let h(z) = 6*z**3 - 56*z**2 - 347*z - 16. Calculate h(-5).
-431
Let r(u) = 750*u - 21855. What is r(29)?
-105
Let z(g) = 3749*g - 11227. Give z(3).
20
Let f(s) = -17*s**3 + 3*s**2 + 36*s - 66. Calculate f(5).
-1936
Let w(f) = -31314*f + 1283854. Calculate w(41).
-20
Let j(d) = 191*d**3 + 7*d**2 + 12*d + 6. Give j(-1).
-190
Let b(u) = -u**3 + 51*u**2 - 494*u - 2410. What is b(35)?
-100
Let o(u) = u**2 - 160882*u + 965258. What is o(6)?
2
Let k(u) = 103*u - 15544. What is k(153)?
215
Let r(h) = -247310*h + 989234. Give r(4).
-6
Let s(i) = 22875*i + 663393. What is s(-29)?
18
Let m(q) = -26*q**2 + 16601*q + 24937. What is m(640)?
-23
Let t(d) = -2*d**3 - 16*d**2 - 1713*d - 8379. Determine t(-5).
36
Let c(g) = -3*g**2 - 21699*g - 86818. What is c(-4)?
-70
Let k(u) = -168*u - 958. Give k(6).
-1966
Let d(i) = i**3 - i**2 - 1353*i - 273. What is d(0)?
-273
Let m(z) = 5*z**2 - 133*z - 1777. Calculate m(49).
3711
Let w(s) = 178*s - 30003. Give w(169).
79
Let n(l) = 81*l + 13712. Determine n(-169).
23
Let s(t) = t**3 - 73*t**2 - 1838*t + 427. Calculate s(-20).
-13
Let x(w) = -w**3 + 24*w**2 + 13172*w - 353513. Determine x(27).
-56
Let z(w) = w**2 - 374*w + 12284. Calculate z(36).
116
Let t(x) = -59714*x - 98. Give t(0).
-98
Let o(r) = -10*r**3 + 9*r**2 + 46*r + 26. What is o(-1)?
-1
Let v(p) = 490*p + 33325. Calculate v(-68).
5
Let w(r) = -3*r**3 - 809*r**2 + 1090*r + 221319. Calculate w(-270).
-81
Let p(g) = 24*g**2 - 853*g + 5076. Calculate p(28).
8
Let x(o) = -o**3 + 7*o**2 + 50*o + 173. Give x(12).
53
Let h(o) = 1487*o - 395703. What is h(266)?
-161
Let m(w) = 2615*w - 70546. Calculate m(27).
59
Let j(k) = 6004*k + 1410917. What is j(-235)?
-23
Let t(l) = -25*l**2 - 116*l + 457. Determine t(4).
-407
Let f(d) = -81*d**2 - 2858*d + 2875. What is f(1)?
-64
Let q(z) = 23*z**3 + 10*z**2 + 144*z + 256. Calculate q(-2).
-176
Let h(o) = 12111*o + 144787. Determine h(-12).
-545
Let w(p) = p**3 - 17*p**2 - 1732*p + 19783. Determine w(11).
5
Let g(h) = -2*h**3 - 54*h**2 - 57*h + 1059. What is g(-25)?
-16
Let w(g) = 44801*g**2 - 1299235*g + 185. Determine w(29).
11
Let h(d) = -d**3 + 34*d**2 + 7*d - 413. What is h(34)?
-175
Let j(r) = -3*r**3 - 301*r**2 - 158*r - 2185. Calculate j(-100).
3615
Let g(k) = -k**3 + 15*k**2 - 33850*k + 541852. Determine g(16).
-4
Let c(o) = 300*o + 16987. Give c(-57).
-113
Let g(n) = 44*n**2 + 8540*n + 1015. Calculate g(-194).
239
Let l(n) = -424*n**2 - 7225*n - 211. Determine l(-17).
78
Let d(p) = -118896*p - 2972402. Determine d(-25).
-2
Let r(a) = 4*a**2 + 41613*a + 706261. Give r(-17).
-4
Let y(l) = 2*l**3 + 1701*l**2 + 2392*l + 1310670. Determine y(-850).
-30
Let c(n) = -10*n**3 + 1979*n**2 + 531*n - 65941. What is c(198)?
-7
Let k(z) = 157*z**3 - z**2 + 404*z - 402. Determine k(1).
158
Let n(u) = -5*u**3 + 1447*u**2 + 3830*u - 9917. Give n(292).
11
Let z(n) = -4*n**3 - 875*n**2 + 2884*n - 137. What is z(-222)?
307
Let n(p) = 456060*p - 4560595. Give n(10).
5
Let q(h) = 9*h**2 - 781*h + 16774. What is q(39)?
4
Let s(i) = 550*i**2 - 26412*i + 570. Calculate s(48).
-6
Let i(z) = 7*z**3 - 8*z**2 - 177*z - 477. Determine i(-3).
-207
Let r(h) = -745*h + 1453. What is r(2)?
-37
Let j(v) = -10652*v + 340832. Give j(32).
-32
Let s(r) = r**2 + 95*r - 96669. What is s(-362)?
-15
Let t(r) = 108055*r + 2809432. Give t(-26).
2
Let v(b) = -28*b**3 + 239*b - 707. Calculate v(3).
-746
Let j(r) = 146*r**2 - 84953*r - 11001. What is j(582)?
57
Let l(c) = -8*c**3 - 1720*c**2 - 5078*c - 1. Calculate l(-3).
-31
Let g(u) = -12*u**2 + 1365*u - 4992. What is g(110)?
-42
Let u(x) = -5*x**3 + x**2 + 75*x + 3. What is u(-7)?
1242
Let z(u) = -98198*u - 883780. What is z(-9)?
2
Let b(w) = -w**3 + 16*w**2 - 234*w + 3174. Calculate b(15).
-111
Let m(x) = 5*x**2 + 43640*x + 87278. Calculate m(-2).
18
Let k(r) = -26*r**2 - 1270*r - 15. What is k(-49)?
-211
Let p(a) = -a**3 - 1199*a**2 - 55272*a - 27609. Determine p(-1151).
15
Let k(l) = -28*l**3 - 43*l**2 - 46*l + 23. What is k(-3)?
530
Let y(p) = -p**3 - 177*p**2 + 2179*p - 16893. Calculate y(-189).
-72
Let k(t) = t**3 - 15*t**2 + 9141*t - 54503. Calculate k(6).
19
Let g(m) = -328*m**2 - 1904*m - 8. What is g(-6)?
-392
Let l(p) = -1283*p + 20738. Determine l(16).
210
Let g(y) = 1303*y + 431289. Give g(-331).
-4
Let a(d) = 33*d**2 + 865*d + 1070. Determine a(-25).
70
Let n(c) = -34*c**3 - 544*c**2 - 4*c - 66. What is n(-16)?
-2
Let s(o) = -o**3 + 4*o**2 + 5785*o - 34642. Calculate s(6).
-4
Let z(y) = -478060*y - 4302555. What is z(-9)?
-15
Let a(m) = 5040*m - 327643. Determine a(65).
-43
Let d(u) = -2*u**3 - 277*u**2 + 13400*u + 522. Calculate d(38).
-10
Let w(y) = 1411*y - 2408. Determine w(2).
414
Let x(u) = 2*u**3 + 27*u**2 - 8700*u - 137815. Give x(-16).
105
Let t(o) = -637*o - 9479. Determine t(-13).
-1198
Let n(k) = 16994*k - 3109891. Give n(183).
11
Let g(s) = -9*s**3 - 287*s**2 + 23*s - 391. Calculate g(-32).
-103
Let c(w) = 5*w**3 + 550*w**2 + 246*w + 27047. Determine c(-110).
-13
Let n(g) = -73*g**2 - 2237*g + 807. What is n(-31)?
1
Let c(q) = -115*q**2 + 66*q + 21. Give c(1).
-28
Let g(l) = 7*l**2 - 30*l - 833. Give g(13).
-40
Let d(v) = 1109359*v + 34390123. Determine d(-31).
-6
Let l(b) = -10*b**2 + 1040*b - 13336. What is l(89)?
14
Let l(o) = 46711*o - 4624379. Calculate l(99).
10
Let q(n) = -2*n**3 + 18*n**2 - 466*n + 2132. What is q(5)?
2
Let r(u) = -u**3 - 124*u**2 + 370*u + 30651. What is r(-125)?
26
Let l(z) = 58*z**2 - 5028*z - 10060. Give l(-2).
228
Let y(x) = -7947*x + 7940. What is y(1)?
-7
Let o(t) = -198*t**3 - 3*t**2 + 9*t - 7. Calculate o(1).
-199
Let c(d) = -5*d**2 + 1698*d - 9163. What is c(334)?
189
Let h(z) = z**2 + 8263*z - 182308. Give h(22).
-38
Let k(d) = 1275*d - 762462. What is k(598)?
-12
Let j(o) = 212733*o - 2127242. What is j(10)?
88
Let a(j) = -610*j**3 - 3661*j**2 + 72*j + 476. What is a(-6)?
8
Let b(q) = 36*q**3 - 1908*q**2 + 13*q - 494. What is b(53)?
195
Let g(u) = u**3 + 247*u**2 - 3167*u + 31. Give g(12).
-677
Let r(c) = -3282*c**2 - 29576*c - 24. What is r(-9)?
318
Let c(d) = -d**2 - 15269*d - 167844. Calculate c(-11).
-6
Let x(n) = -2*n**3 - 30*n**2 - 56*n - 32. Determine x(-13).
20
Let r(c) = 3*c**3 + 350*c**2 + 7009*c + 127. Calculate r(-91).
-55
Let m(z) = -z**3 - 108*z**2 + 5126*z + 17356. Give m(-143).
53
Let n(z) = -164*z**2 + 7874*z - 166. Give n(48).
-70
Let b(a) = -2*a**3 - 260*a**2 + 9655*a + 8783. Calculate b(-160).
-17
Let f(g) = -5*g**2 + 4197*g - 8379. Determine f(2).
-5
Let z(l) = 26*l**3 - 412*l**2 - 89*l + 397. Calculate z(16).
-3
Let x(n) = 17828*n + 463489. Calculate x(-26).
-39
Let l(c) = 160*c - 1560. Determine l(0).
-1560
Let t(s) = 1426*s**2 + 7093*s - 16. Determine t(-5).
169
Let j(v) = -4*v**3 - 188*v**2 + 199*v + 48. Give j(-48).
-288
Let b(p) = p**2 - 75*p + 1379. What is b(31)?
15
Let f(v) = v**3 - 16*v**2 - 279*v - 87. Give f(-10).
103
Let p(c) = -15*c**3 - 316*c**2 + 4*c + 107. Determine p(-21).
-418
Let m(r) = -59538*r + 416238. Calculate m(7).
-528
Let s(n) = -394*n + 11259. Calculate s(32).
-1349
Let s(b) = -32013*b**2 + 4577858*b + 130. Give s(143).
-13
Let n(y) = -533*y**2 + 18653*y + 89. Determine n(35).
19
Let w(y) = -y**2 + 3114*y + 40362. Give w(-13).
-289
Let x(v) = -v**3 + 15*v**2 + 1080*v - 117. Give x(42).
-2385
Let y(r) = r**3 + 84*r**2 + 1406*r + 2630. Give y(-62).
26
Let w(u) = -u**3 + 20*u**2 + 81*u - 234. What is w(23)?
42
Let p(q) = -160*q**2 + 1440*q + 8. Calculate p(9).
8
Let z(a) = -a**2 + 11999*a - 131880. Give z(11).
-12
Let q(n) = n**2 + 32*n - 2926. Calculate q(-65).
-781
Let j(t) = t**3 + 18*t**2 + 114*t - 147. What i